at are the prime factors of 5339758?
2, 41, 65119
What are the prime factors of 354804?
2, 3, 29567
List the prime factors of 265699.
7, 37957
What are the prime factors of 2799281?
2799281
What are the prime factors of 1150952?
2, 11, 29, 41
List the prime factors of 20485389.
3, 31, 167, 1319
What are the prime factors of 2825013?
3, 941671
List the prime factors of 1368346.
2, 7, 43, 2273
List the prime factors of 252445.
5, 29, 1741
List the prime factors of 5932900.
2, 5, 79, 751
What are the prime factors of 3643727?
281, 12967
What are the prime factors of 2534873?
11, 79, 2917
List the prime factors of 110468.
2, 27617
List the prime factors of 614243.
7, 47, 1867
What are the prime factors of 819?
3, 7, 13
What are the prime factors of 236870?
2, 5, 23687
List the prime factors of 2988666.
2, 3, 23, 7219
List the prime factors of 2212834.
2, 13, 85109
What are the prime factors of 187324?
2, 46831
What are the prime factors of 5731409?
967, 5927
List the prime factors of 7497290.
2, 5, 749729
What are the prime factors of 2315254?
2, 1157627
List the prime factors of 20204614.
2, 10102307
What are the prime factors of 2510060?
2, 5, 7, 17929
What are the prime factors of 4455909?
3, 31, 15971
What are the prime factors of 43656?
2, 3, 17, 107
What are the prime factors of 1140541?
29, 67, 587
List the prime factors of 1377035.
5, 11, 25037
List the prime factors of 681044.
2, 7, 13, 1871
What are the prime factors of 284280?
2, 3, 5, 23, 103
List the prime factors of 107159.
13, 8243
List the prime factors of 146326.
2, 23, 3181
List the prime factors of 3686907.
3, 7, 3583
What are the prime factors of 1283270?
2, 5, 128327
What are the prime factors of 1430388?
2, 3, 39733
What are the prime factors of 227652?
2, 3, 61, 311
List the prime factors of 192220.
2, 5, 7, 1373
What are the prime factors of 87131?
11, 89
List the prime factors of 3322936.
2, 29, 14323
List the prime factors of 1200264.
2, 3, 13, 3847
List the prime factors of 7967179.
11, 149, 4861
What are the prime factors of 6379448?
2, 151, 5281
What are the prime factors of 3220961?
37, 263, 331
What are the prime factors of 1165341?
3, 23, 16889
What are the prime factors of 4711961?
109, 139, 311
List the prime factors of 154212.
2, 3, 71, 181
What are the prime factors of 167924?
2, 41981
List the prime factors of 343169.
343169
What are the prime factors of 1035422?
2, 517711
What are the prime factors of 241934?
2, 7, 11, 1571
What are the prime factors of 5811440?
2, 5, 72643
What are the prime factors of 214335?
3, 5, 11, 433
List the prime factors of 2248378.
2, 11, 102199
What are the prime factors of 153808?
2, 9613
What are the prime factors of 195438?
2, 3, 32573
What are the prime factors of 247812?
2, 3, 107, 193
What are the prime factors of 43928?
2, 17, 19
List the prime factors of 232712.
2, 19, 1531
List the prime factors of 834297.
3, 47, 61, 97
List the prime factors of 3239195.
5, 647839
List the prime factors of 3311800.
2, 5, 29, 571
What are the prime factors of 119879?
313, 383
List the prime factors of 195824.
2, 12239
List the prime factors of 3523430.
2, 5, 463, 761
List the prime factors of 183201.
3, 79, 773
What are the prime factors of 33708466?
2, 11, 1217, 1259
List the prime factors of 124514.
2, 13, 4789
List the prime factors of 14335274.
2, 2357, 3041
What are the prime factors of 173291?
173291
List the prime factors of 196791.
3, 7, 9371
What are the prime factors of 85513?
85513
What are the prime factors of 349277?
19, 31, 593
What are the prime factors of 4133103?
3, 13, 105977
What are the prime factors of 4951392?
2, 3, 51577
List the prime factors of 16117075.
5, 13, 101, 491
What are the prime factors of 4182869?
19, 220151
List the prime factors of 9637838.
2, 7, 31, 53, 419
What are the prime factors of 1627948?
2, 7, 53, 1097
List the prime factors of 3083004.
2, 3, 85639
What are the prime factors of 67641?
3, 7, 3221
List the prime factors of 64228.
2, 16057
What are the prime factors of 6831742?
2, 3415871
What are the prime factors of 4881613?
11, 19, 23357
What are the prime factors of 1721393?
229, 7517
List the prime factors of 101435.
5, 20287
List the prime factors of 1997179.
1997179
What are the prime factors of 1338207?
3, 13, 34313
List the prime factors of 176117.
29, 6073
List the prime factors of 6595989.
3, 2198663
What are the prime factors of 2629835?
5, 13, 40459
List the prime factors of 222600.
2, 3, 5, 7, 53
List the prime factors of 42820.
2, 5, 2141
What are the prime factors of 116525?
5, 59, 79
What are the prime factors of 33502433?
397, 84389
List the prime factors of 2938865.
5, 587773
What are the prime factors of 37412149?
821, 45569
What are the prime factors of 231895?
5, 19, 2441
What are the prime factors of 22642164?
2, 3, 17, 36997
What are the prime factors of 1409740?
2, 5, 70487
What are the prime factors of 171432?
2, 3, 2381
What are the prime factors of 4326388?
2, 11, 98327
What are the prime factors of 24080?
2, 5, 7, 43
What are the prime factors of 4886584?
2, 610823
What are the prime factors of 332919?
3, 71, 521
What are the prime factors of 375133?
11, 67, 509
What are the prime factors of 5478742?
2, 2739371
What are the prime factors of 364631?
163, 2237
What are the prime factors of 2973169?
1171, 2539
What are the prime factors of 47483?
103, 461
List the prime factors of 1724635.
5, 11, 31357
List the prime factors of 1105132.
2, 7, 29, 1361
List the prime factors of 1599868.
2, 73, 5479
What are the prime factors of 1360311?
3, 31, 14627
What are the prime factors of 74720?
2, 5, 467
What are the prime factors of 2569977?
3, 285553
List the prime factors of 277364.
2, 69341
What are the prime factors of 367215?
3, 5, 24481
List the prime factors of 8662560.
2, 3, 5, 18047
List the prime factors of 54598.
2, 27299
List the prime factors of 7305314.
2, 227, 16091
List the prime factors of 4849780.
2, 5, 13, 23, 811
List the prime factors of 279983.
11, 25453
What are the prime factors of 177301?
177301
What are the prime factors of 2281416?
2, 3, 23, 4133
What are the prime factors of 2703711?
3, 43, 20959
What are the prime factors of 63198?
2, 3, 3511
What are the prime factors of 863238?
2, 3, 143873
List the prime factors of 671271.
3, 223757
What are the prime factors of 2817587?
37, 271, 281
List the prime factors of 317320.
2, 5, 7933
List the prime factors of 1281198.
2, 3, 213533
List the prime factors of 4969365.
3, 5, 61, 5431
What are the prime factors of 460462?
2, 17, 29, 467
What are the prime factors of 1122803?
11, 103, 991
List the prime factors of 97045.
5, 13, 1493
List the prime factors of 490143.
3, 19, 8599
What are the prime factors of 7055630?
2, 5, 613, 1151
What are the prime factors of 4044129?
3, 601, 2243
List the prime factors of 2557.
2557
What are the prime factors of 26374367?
211, 239, 523
List the prime factors of 14768990.
2, 5, 23, 157, 409
What are the prime factors of 475664?
2, 7, 31, 137
What are the prime factors of 6176862?
2, 3, 19, 18061
List the prime factors of 58593.
3, 19531
What are the prime factors of 274241?
11, 107, 233
What are the prime factors of 2019041?
2019041
What are the prime factors of 2136224?
2, 241, 277
What are the prime factors of 2157577?
53, 40709
List the prime factors of 168883.
11, 13, 1181
List the prime factors of 9154334.
2, 7, 653881
What are the prime factors of 22283811?
3, 11, 225089
List the prime factors of 644986.
2, 31, 101, 103
What are the prime factors of 283596?
2, 3, 23633
What are the prime factors of 30848453?
593, 52021
What are the prime factors of 211746?
2, 3, 35291
List the prime factors of 5747294.
2, 7, 43, 9547
List the prime factors of 153376.
2, 4793
What are the prime factors of 4233869?
4233869
List the prime factors of 1703158.
2, 503, 1693
What are the prime factors of 465652?
2, 11, 19, 557
List the prime factors of 1021507.
97, 10531
What are the prime factors of 1036099?
17, 59, 1033
List the prime factors of 302377.
61, 4957
List the prime factors of 12508809.
3, 4169603
List the prime factors of 226131.
3, 75377
List the prime factors of 206106.
2, 3, 34351
What are the prime factors of 304088?
2, 38011
List the prime factors of 78180.
2, 3, 5, 130